common divisor of 5 and 515?
5
What is the highest common divisor of 23 and 299?
23
Calculate the greatest common divisor of 1541 and 184.
23
What is the greatest common divisor of 594 and 176?
22
What is the greatest common factor of 12 and 9987?
3
What is the highest common factor of 85 and 2210?
85
What is the highest common factor of 403 and 65?
13
Calculate the highest common divisor of 7921 and 89.
89
Calculate the highest common divisor of 918 and 108.
54
Calculate the highest common factor of 918 and 374.
34
What is the greatest common divisor of 7584 and 192?
96
Calculate the greatest common divisor of 42 and 3297.
21
Calculate the highest common divisor of 678 and 6.
6
What is the highest common factor of 50 and 2?
2
Calculate the highest common factor of 18 and 24786.
18
Calculate the highest common factor of 12 and 5268.
12
What is the greatest common divisor of 115 and 1403?
23
What is the highest common divisor of 15 and 500?
5
What is the highest common divisor of 414 and 17043?
69
What is the greatest common divisor of 1159 and 183?
61
Calculate the highest common divisor of 2652 and 52.
52
Calculate the greatest common divisor of 54 and 72.
18
What is the greatest common divisor of 55 and 95?
5
What is the greatest common divisor of 575 and 25?
25
Calculate the highest common factor of 18 and 261.
9
Calculate the greatest common factor of 2162 and 230.
46
Calculate the greatest common divisor of 195 and 78.
39
What is the highest common divisor of 4528 and 16?
16
What is the highest common factor of 16 and 20576?
16
What is the greatest common factor of 336 and 96?
48
Calculate the greatest common factor of 296 and 3404.
148
Calculate the highest common factor of 214 and 5671.
107
What is the highest common factor of 777 and 63?
21
Calculate the highest common factor of 168 and 1.
1
Calculate the greatest common factor of 6021 and 54.
27
Calculate the highest common divisor of 459 and 2.
1
Calculate the greatest common divisor of 231 and 1628.
11
Calculate the highest common divisor of 68 and 3162.
34
Calculate the greatest common factor of 963 and 856.
107
What is the greatest common divisor of 1312 and 5412?
164
Calculate the greatest common factor of 12096 and 72.
72
What is the highest common divisor of 16752 and 48?
48
Calculate the greatest common divisor of 57 and 247.
19
Calculate the highest common divisor of 1280 and 5.
5
What is the highest common divisor of 76 and 22?
2
Calculate the highest common divisor of 1526 and 7.
7
What is the highest common factor of 273 and 588?
21
What is the highest common divisor of 9 and 29241?
9
Calculate the highest common divisor of 9 and 32.
1
What is the highest common factor of 16 and 712?
8
What is the greatest common divisor of 55 and 2915?
55
Calculate the highest common factor of 231 and 12.
3
What is the highest common factor of 140 and 819?
7
Calculate the greatest common factor of 495 and 765.
45
What is the greatest common factor of 37 and 1998?
37
What is the greatest common factor of 2424 and 4545?
303
Calculate the highest common divisor of 315 and 350.
35
Calculate the highest common divisor of 18 and 12.
6
What is the greatest common divisor of 540 and 3460?
20
What is the greatest common factor of 66 and 902?
22
Calculate the greatest common divisor of 161 and 210.
7
What is the greatest common divisor of 465 and 30?
15
Calculate the greatest common factor of 115 and 23.
23
Calculate the greatest common divisor of 12 and 33.
3
What is the greatest common factor of 1736 and 217?
217
What is the greatest common factor of 8662 and 976?
122
Calculate the highest common divisor of 245 and 315.
35
Calculate the greatest common factor of 172 and 4.
4
What is the highest common divisor of 17 and 4148?
17
What is the highest common divisor of 1770 and 10?
10
What is the greatest common divisor of 42362 and 118?
118
Calculate the highest common factor of 85 and 5.
5
Calculate the greatest common divisor of 187 and 119.
17
What is the highest common factor of 64 and 2656?
32
Calculate the highest common divisor of 45 and 153.
9
Calculate the greatest common divisor of 323 and 68.
17
What is the highest common factor of 70 and 315?
35
What is the highest common divisor of 385 and 28?
7
Calculate the highest common divisor of 96 and 18.
6
Calculate the highest common factor of 38 and 38.
38
Calculate the greatest common factor of 2509 and 13.
13
Calculate the highest common divisor of 92 and 253.
23
Calculate the highest common divisor of 80 and 55.
5
What is the greatest common divisor of 54 and 30?
6
Calculate the greatest common factor of 247 and 57.
19
Calculate the greatest common divisor of 192 and 7744.
64
Calculate the highest common factor of 5775 and 154.
77
What is the greatest common factor of 18 and 171?
9
What is the greatest common factor of 208 and 32?
16
What is the greatest common divisor of 4320 and 18?
18
What is the highest common factor of 12 and 81?
3
Calculate the highest common divisor of 1751 and 68.
17
What is the highest common divisor of 28 and 38108?
28
What is the greatest common divisor of 17 and 1547?
17
What is the highest common divisor of 1824 and 114?
114
Calculate the highest common divisor of 1596 and 12084.
228
Calculate the highest common factor of 14 and 266.
14
Calculate the highest common factor of 1280 and 40.
40
Calculate the highest common factor of 455 and 325.
65
What is the highest common divisor of 6 and 258?
6
What is the highest common factor of 57 and 969?
57
Calculate the highest common factor of 465 and 15.
15
Calculate the greatest common factor of 3212 and 44.
44
Calculate the greatest common divisor of 96 and 744.
24
Calculate the highest common divisor of 160 and 3360.
160
What is the highest common divisor of 4228 and 28?
28
Calculate the highest common factor of 117 and 104.
13
What is the greatest common factor of 4 and 28?
4
What is the highest common factor of 480 and 288?
96
Calculate the highest common divisor of 3 and 13.
1
Calculate the highest common divisor of 184 and 138.
46
Calculate the highest common divisor of 476 and 1700.
68
What is the highest common factor of 3 and 1531?
1
Calculate the greatest common divisor of 693 and 2541.
231
Calculate the greatest common divisor of 41 and 1107.
41
Calculate the greatest common divisor of 224 and 140.
28
Calculate the greatest common factor of 369 and 36.
9
Calculate the highest common factor of 171 and 19.
19
What is the greatest common factor of 28 and 966?
14
What is the highest common factor of 342 and 76?
38
What is the greatest common divisor of 68 and 4658?
34
What is the greatest common divisor of 4151 and 21?
7
Calculate the highest common divisor of 925 and 37.
37
What is the highest common factor of 630 and 135?
45
Calculate the greatest common divisor of 9853 and 531.
59
What is the greatest common divisor of 880 and 4532?
44
Calculate the greatest common divisor of 36 and 261.
9
What is the greatest common factor of 226 and 7571?
113
Calculate the highest common factor of 1677 and 104.
13
What is the greatest common factor of 154 and 847?
77
What is the highest common divisor of 4 and 12?
4
Calculate the greatest common divisor of 7 and 973.
7
What is the greatest common factor of 207 and 1725?
69
What is the highest common factor of 1582 and 1064?
14
Calculate the greatest common divisor of 123 and 528.
3
What is the greatest common divisor of 350 and 805?
35
What is the greatest common divisor of 65 and 13?
13
What is the greatest common divisor of 1340 and 120?
20
Calculate the highest common factor of 1313 and 260.
13
Calculate the highest common divisor of 16 and 26.
2
What is the highest common factor of 59 and 236?
59
What is the highest common factor of 520 and 416?
104
What is the greatest common divisor of 35 and 2965?
5
Calculate the highest common factor of 1106 and 14.
14
What is the greatest common divisor of 133 and 399?
133
What is the highest common factor of 469 and 67?
67
Calculate the highest common divisor of 492 and 60.
12
Calculate the highest common divisor of 95 and 2375.
95
Calculate the highest common factor of 295 and 1888.
59
What is the greatest common divisor of 627 and 171?
57
Calculate the greatest common facto